 to base 6.
50
Convert -3 (base 9) to base 8.
-3
What is 20 (base 11) in base 9?
24
Convert 0 (base 8) to base 9.
0
0 (base 9) to base 15
0
What is -12 (base 15) in base 14?
-13
Convert 12 (base 14) to base 2.
10000
-3 (base 9) to base 12
-3
26 (base 7) to base 16
14
Convert 101011 (base 2) to base 6.
111
Convert -45 (base 15) to base 11.
-5a
-45 (base 7) to base 11
-30
32 (base 6) to base 15
15
What is 22 (base 3) in base 11?
8
Convert 25 (base 11) to base 3.
1000
-33 (base 15) to base 9
-53
What is -61 (base 12) in base 4?
-1021
Convert 7 (base 9) to base 15.
7
-21 (base 8) to base 10
-17
Convert 5d (base 16) to base 10.
93
-102 (base 3) to base 7
-14
Convert 1 (base 6) to base 15.
1
What is -101 (base 5) in base 7?
-35
What is 20 (base 5) in base 6?
14
-40 (base 5) to base 4
-110
Convert -10 (base 9) to base 7.
-12
248 (base 9) to base 10
206
What is -1 (base 10) in base 16?
-1
What is 20 (base 16) in base 11?
2a
What is 2 (base 8) in base 6?
2
-16 (base 16) to base 14
-18
Convert -29 (base 13) to base 11.
-32
-1 (base 3) to base 14
-1
Convert -5 (base 10) to base 15.
-5
Convert 0 (base 13) to base 12.
0
-2 (base 14) to base 3
-2
Convert -21012 (base 3) to base 11.
-167
10 (base 4) to base 6
4
Convert -3 (base 5) to base 10.
-3
108 (base 14) to base 10
204
What is -441 (base 5) in base 10?
-121
Convert -2 (base 15) to base 16.
-2
Convert -110 (base 8) to base 9.
-80
-25 (base 11) to base 6
-43
15 (base 9) to base 14
10
Convert -4 (base 12) to base 5.
-4
1 (base 2) to base 7
1
-3 (base 15) to base 16
-3
Convert -222 (base 6) to base 7.
-152
-12 (base 13) to base 12
-13
Convert 8 (base 16) to base 12.
8
1332 (base 6) to base 2
101011000
Convert 10 (base 8) to base 7.
11
What is -2 (base 15) in base 14?
-2
What is -10 (base 4) in base 5?
-4
-10 (base 8) to base 9
-8
Convert 19 (base 15) to base 10.
24
Convert 2 (base 8) to base 15.
2
165 (base 9) to base 11
118
What is -1 (base 13) in base 12?
-1
What is -17 (base 8) in base 9?
-16
What is 30 (base 7) in base 12?
19
-146 (base 15) to base 10
-291
Convert 0 (base 14) to base 7.
0
Convert -2240 (base 5) to base 14.
-18c
Convert 11 (base 8) to base 15.
9
Convert 1ba (base 12) to base 6.
1154
10012 (base 3) to base 12
72
What is 0 (base 6) in base 8?
0
-84 (base 9) to base 4
-1030
What is 440 (base 5) in base 6?
320
4 (base 9) to base 13
4
What is 77 (base 16) in base 15?
7e
0 (base 12) to base 15
0
What is -5 (base 8) in base 10?
-5
Convert 11 (base 8) to base 7.
12
8 (base 10) to base 8
10
Convert 1 (base 3) to base 7.
1
Convert -2 (base 5) to base 10.
-2
Convert 108 (base 10) to base 13.
84
-204 (base 8) to base 9
-156
What is 11 (base 4) in base 11?
5
Convert 5b (base 15) to base 12.
72
21 (base 6) to base 14
d
Convert -3 (base 8) to base 2.
-11
Convert 2 (base 8) to base 3.
2
-26 (base 9) to base 15
-19
110 (base 2) to base 14
6
What is -1 (base 11) in base 7?
-1
-3 (base 11) to base 8
-3
What is 4 (base 10) in base 6?
4
What is 1001101 (base 2) in base 4?
1031
-2 (base 11) to base 6
-2
Convert 8 (base 16) to base 6.
12
2 (base 3) to base 7
2
Convert 17 (base 13) to base 15.
15
What is 3 (base 13) in base 9?
3
What is 244 (base 6) in base 13?
79
Convert 134 (base 6) to base 12.
4a
What is 8 (base 12) in base 2?
1000
-3b (base 16) to base 10
-59
Convert 110 (base 9) to base 4.
1122
Convert 335 (base 10) to base 13.
1ca
What is 6b (base 12) in base 13?
65
-72 (base 12) to base 9
-105
What is -11 (base 8) in base 16?
-9
Convert -106 (base 11) to base 16.
-7f
3 (base 12) to base 9
3
Convert -34 (base 15) to base 6.
-121
Convert 3 (base 7) to base 9.
3
Convert 7 (base 11) to base 16.
7
What is 323 (base 8) in base 16?
d3
What is 72 (base 8) in base 14?
42
-105 (base 7) to base 4
-312
Convert -3 (base 12) to base 14.
-3
-11 (base 3) to base 6
-4
10 (base 10) to base 11
a
What is 3 (base 10) in base 3?
10
1d9 (base 14) to base 13
23a
111 (base 4) to base 8
25
What is 101001 (base 2) in base 10?
41
What is -3 (base 7) in base 9?
-3
Convert -151 (base 6) to base 7.
-124
What is 4 (base 8) in base 14?
4
Convert -1 (base 5) to base 7.
-1
Convert -10101 (base 2) to base 6.
-33
Convert -2 (base 5) to base 12.
-2
-3 (base 12) to base 2
-11
What is 11 (base 5) in base 10?
6
What is -1 (base 4) in base 14?
-1
Convert 32 (base 5) to base 13.
14
What is -21 (base 11) in base 16?
-17
What is 11 (base 11) in base 5?
22
Convert -100110110 (base 2) to base 15.
-15a
Convert 10 (base 15) to base 14.
11
What is 1 (base 16) in base 3?
1
What is 19 (base 10) in base 15?
14
What is 1021 (base 3) in base 11?
31
-1 (base 7) to base 4
-1
-65 (base 7) to base 9
-52
What is 0 (base 4) in base 10?
0
Convert 2 (base 4) to base 3.
2
2 (base 11) to base 15
2
Convert 34 (base 6) to base 7.
31
What is -23 (base 7) in base 14?
-13
What is -1 (base 10) in base 4?
-1
-210 (base 3) to base 12
-19
17 (base 9) to base 11
15
-2 (base 3) to base 15
-2
Convert -37 (base 15) to base 2.
-110100
0 (base 14) to base 12
0
What is -4e (base 15) in base 6?
-202
Convert -101 (base 2) to base 8.
-5
Convert 9b (base 12) to base 3.
11102
Convert 0 (base 10) to base 14.
0
-13 (base 11) to base 4
-32
Convert 2 (base 6) to base 8.
2
Convert 0 (base 8) to base 3.
0
-124 (base 13) to base 4
-3013
Convert -58 (base 12) to base 3.
-2112
160 (base 9) to base 13
a5
14a (base 11) to base 4
2233
Convert 10 (base 12) to base 5.
22
14 (base 13) to base 9
18
Convert -2303 (base 4) to base 11.
-153
Convert -1010110 (base 2) to base 11.
-79
Convert -2 (base 6) to base 2.
-10
-4 (base 10) to base 3
-11
-4 (base 10) to base 6
-4
What is 5 (base 12) in base 7?
5
Convert 14 (base 14) to base 11.
17
What is -4 (base 8) in base 5?
-4
What is -5 (base 6) in base 8?
-5
-a (base 13) to base 2
-1010
What is -11110 (base 2) in base 5?
-110
Convert -8 (base 10) to base 9.
-8
What is 20 (base 4) in base 13?
8
What is 4 (base 8) in base 4?
10
Convert -30 (base 5) to base 12.
-13
1 (base 10) to base 15
1
c (base 13) to base 15
c
Convert -2c (base 14) to base 10.
-40
130 (base 15) to base 9
330
What is -1 (base 5) in base 14?
-1
Convert -6f (base 16) to base 13.
-87
What is 18 (base 11) in base 5?
34
Convert 8 (base 12) to base 3.
22
What is 42 (base 13) in base 5?
204
What is -1 (base 12) in base 2?
-1
-9 (base 16) to base 7
-12
Convert -13 (base 5) to base 10.
-8
What is -b (base 14) in base 3?
-102
46 (base 16) to base 15
4a
Convert 101 (base 3) to base 5.
20
Convert 8 (base 16) to base 13.
8
What is 6 (base 12) in base 11?
6
What is 0 (base 6) in base 3?
0
What is -12 (base 3) in base 7?
-5
Convert -4 (base 14) to base 6.
-4
What is -2c (base 15) in base 8?
-52
Convert -17 (base 15) to base 9.
-24
What is 90 (base 12) in base 4?
1230
4 (base 5) to base 7
4
What is 3e (base 15) in base 4?
323
Convert 68 (base 16) to base 2.
1101000
2 (base 7) to base 6
2
Convert -46 (base 11) to base 8.
-62
-3 (base 11) to base 13
-3
What is 2 (base 8) in base 16?
2
Convert -20222 (base 3) to base 5.
-1223
What is -111 (base 6) in base 14?
-31
Convert -5d (base 14) to base 5.
-313
Convert 7 (base 16) to base 11.
7
What is 3 (base 15) in base 4?
3
Convert -76 (base 13) to base 9.
-117
What is 4 (base 11) in base 7?
4
What is 5 (base 12) in base 8?
5
101 (base 2) to base 6
5
Convert -5 (base 15) to base 3.
-12
-2 (base 14) to base 8
-2
-19 (base 16) to base 12
-21
-f3 (base 16) to base 13
-159
-7 (base 10) to base 9
-7
Convert 232 (base 6) to base 15.
62
3 (base 5) to base 15
3
3 (base 15) to base 5
3
1 (base 3) to base 15
1
13 (base 5) to base 9
8
Convert 3 (base 10) to base 15.
3
21 (base 10) to base 3
210
Convert -44 (base 13) to base 14.
-40
-bb (base 12) to base 8
-217
-21 (base 7) to base 9
-16
Convert -1 (base 4) to base 3.
-1
1 (base 11) to base 9
1
Convert -46 (base 10) to base 7.
-64
Convert 3 (base 16) to base 12.
3
What is 2 (base 13) in base 8?
2
26 (base 16) to base 5
123
-4 (base 16) to base 6
-4
What is 2 (base 3) in base 11?
2
Convert 143 (base 6) to base 15.
43
Convert -3 (base 13) to base 5.
-3
-d1 (base 15) to base 3
-21021
Convert -220 (base 3) to base 14.
-1a
1 (base 6) to base 14
1
Convert -100 (base 9) to base 13.
-63
3 (base 15) to base 13
3
Convert -5 (base 11) to base 10.
-5
What is -11 (base 3) in base 14?
-4
What is -2 (base 7) in base 6?
-2
3 (base 5) to base 2
1